s of f.
2, 3, 23
Suppose 0 = 2*y - h + 118, 102 - 25 = -y - 4*h. Let a = y - -52. List the prime factors of 284/18 + ((-4)/a)/2.
2
Let b = 4568 + 951. List the prime factors of b.
5519
Let l(a) = a**2 - a - 11. Let r be (3 + 6/(-3))*1*12. Suppose 0 = -2*u - r + 24. List the prime factors of l(u).
19
Suppose -5*s - 281 = -10*s - 3*a, -s - 3*a + 49 = 0. Suppose -2*o + y + 44 = 0, -2*y - y = 0. Suppose -o - s = -8*c. What are the prime factors of c?
2, 5
Suppose 4*g = -3*o + 30425, 5*g + 13513 = 2*o - 6801. List the prime factors of o.
73, 139
Let k(s) = s**3 - 4*s**2 - 6*s + 7. Let u be k(5). Let l(v) = v + 4. Let z be l(u). Suppose -z*j = -35 + 5. What are the prime factors of j?
5
Suppose 0 = -38*h + 13140 + 12434. What are the prime factors of h?
673
Let s = -74 - -429. Suppose 3*z + 26 = -s. Let p = -46 - z. List the prime factors of p.
3
Let y = 19 - 18. Suppose -12 = 4*i + 4*r, 5*i + 0 + y = 2*r. List the prime factors of (i/((-3)/(-2)))/((-1)/15).
2, 5
Let c = -8765 + 13088. What are the prime factors of c?
3, 11, 131
Suppose -10*z = 1 + 9. Let t be (-246)/(-3) - -2 - z/1. Suppose -d + 15 = -4*k, d + 3*k = -d + t. What are the prime factors of d?
5, 7
Let z be (-372)/(-14)*(27 - 6). What are the prime factors of 8/(48/z) + -6?
3, 29
Suppose 3*s + 43 = 4*z, 13*z - 60 = 8*z + 5*s. What are the prime factors of (156 + 1)*(-2 + z - 4)?
157
Let u = 116 - 111. Suppose -3*c + a + 2*a = 0, 0 = u*c - a - 16. Suppose -4*t - 444 = -2*l, -c*l = 4*t + 363 - 1311. List the prime factors of l.
2, 29
Suppose -2*s - 22 = -s. Suppose -53*p = -2*p - 1989. Let h = s + p. What are the prime factors of h?
17
Let t(g) = -g**2 - 6*g + 48. Let c be t(-14). Let j = c - -157. List the prime factors of j.
3, 31
Let u = -9 + 7. Let b be (-1)/u - 1253/(-14). Suppose b = 4*w - 2*z, 3*z = -0*w - w + 26. List the prime factors of w.
23
Let w(t) = 24*t - 35. Let s(o) = 23*o - 35. Let n(r) = 4*s(r) - 5*w(r). What are the prime factors of n(-5)?
5, 7
Let d be 6/((-7)/(-3066)*6). Suppose 17531 + d = 17*f. What are the prime factors of f?
7, 151
Let p(z) = -2*z + 24. Let g be p(7). Let t = g - 7. Suppose -5*v - m = -65, t*v + m + 13 = 50. List the prime factors of v.
2, 7
Let h(o) = -1162*o + 1087. List the prime factors of h(-8).
3, 3461
Suppose 6*g = g + 20. Suppose -85 = -g*y - 3*s + 183, 4*s = -3*y + 194. What are the prime factors of y?
2, 5, 7
Let u(a) = -2142*a + 5398. What are the prime factors of u(-13)?
2, 8311
What are the prime factors of 8/96*12*298/2?
149
Let k(z) = -297*z - 38. Let t be k(-3). Suppose t + 779 = 4*n + q, -3*n - 5*q + 1241 = 0. List the prime factors of n.
11, 37
Suppose 0 = 3*q + 6, 0*x - 4*q = -3*x - 673. Let b = -149 - x. What are the prime factors of b?
2, 3, 13
Let f(l) = -594*l + 304. List the prime factors of f(-9).
2, 5, 113
Suppose -9 = -2*c + 7*c - 3*b, 5*c - 2*b + 11 = 0. What are the prime factors of ((-854)/8)/(c/(-72)*-2)?
3, 7, 61
Suppose -156*n + 2862969 + 36447 = 0. List the prime factors of n.
2, 9293
Suppose 21*o = 986 + 12538. Suppose -4*a - 10*a + o = 0. List the prime factors of a.
2, 23
Suppose 0 = -15*f + 282954 + 105291. Suppose 24*i = f + 5725. List the prime factors of i.
3, 439
Let d = 235 + -140. Let l = d + -93. Let f = l - -64. What are the prime factors of f?
2, 3, 11
Let a be (-2)/(-2 + 0)*-9. Let m(i) = i**3 + 9*i**2 - 3. Let z be m(a). What are the prime factors of (4/(-4))/(z/189)?
3, 7
Let h be (2 - -2) + 2/(-2) - 192. Suppose -v + 383 = -4*g, -3*g + v - 287 = -0*v. Let p = g - h. What are the prime factors of p?
3, 31
Let p be (-2 - (0 - -1))/((-59)/118). Let o(r) = r**3 + r - 10. What are the prime factors of o(p)?
2, 53
Suppose -2*k - k = 2*u - 22, 0 = -2*k + 2*u + 18. What are the prime factors of 3 + 9501/24 + 1/k?
3, 7, 19
Suppose 19*o - 12 = 16*o. Suppose 1 = -o*d - 7. Let a(f) = -15*f**3 + 2*f**2 - f - 6. List the prime factors of a(d).
2, 31
Let p be (-139)/5 + (-44)/(-55). List the prime factors of 1/(-9) + (-10695)/p.
2, 3, 11
Let f = -231 + -1275. Let c = f + 2123. List the prime factors of c.
617
Let r(z) = 1 + 2*z**2 + 114*z + 159*z - 387*z + 119*z + 8. Let g(c) = c**3 + 5*c**2 - 7. Let u be g(-5). List the prime factors of r(u).
2, 3
Let n = -21309 - -44229. What are the prime factors of n?
2, 3, 5, 191
What are the prime factors of ((-1767153)/581 - 6/14)*(-26)/3?
2, 3, 13
Suppose 57*h = 54*h - 153. Let c = 907 + h. List the prime factors of c.
2, 107
Let f = 8210 + 275. List the prime factors of f.
5, 1697
Let j(h) = -34*h**3 - h**2 - 2. Suppose 4*k + 2 = -6, i + 4*k + 10 = 0. What are the prime factors of j(i)?
2, 7, 19
Let u(w) = 111*w - 7. Let d(s) = 113*s - 7. Let k(q) = -7*d(q) + 6*u(q). What are the prime factors of k(-5)?
2, 79
Suppose d + 3*d = -3*s + 56, -4*d = 2*s - 60. Suppose 885 = 4*g + d. Let j = 340 - g. What are the prime factors of j?
3, 41
Suppose 0 = -6*b - 631 + 55. Let h = b + 195. What are the prime factors of h?
3, 11
What are the prime factors of 16086/(-1532)*34208/(-7)?
2, 3, 1069
Let t be -2*(22/(-4) - 1). Let m = 68 - t. Suppose 0 = d - 5, -2*o - 4*d + m + 153 = 0. List the prime factors of o.
2, 47
What are the prime factors of 35/(6 - 1) - -5839?
2, 37, 79
Let i(p) = 16*p**2 - 5*p + 19. Let h be i(10). Suppose 5*a = 8*z - 6*z + h, 312 = a - z. List the prime factors of a.
3, 5, 7
Let p(j) = 11*j**2 - 4*j + 2. Let d be p(1). Suppose 1393 - 115 = d*a. List the prime factors of a.
2, 71
Suppose -46 = -g - 5*x, -8*x = -3*x - 20. Suppose -j + 416 + g = y, 4*j + 878 = 2*y. List the prime factors of y.
3, 7
Let l be -1 + (-24)/16*2. What are the prime factors of (-15)/4*-7*(8 - l)?
3, 5, 7
List the prime factors of ((287840/(-24))/10)/((-8)/24)*7.
2, 7, 257
Let k = -2106 + 4455. What are the prime factors of k?
3, 29
Suppose -16376 = -22*v + 20836 + 60512. What are the prime factors of v?
2, 2221
Let n = 180 + 62. Let r = n + 109. What are the prime factors of r?
3, 13
Let f(t) = 46*t - 5. Let q = -56 - -59. Suppose 5*l = 5*i - 10, 0 = 5*l + 2*i - q*i - 10. What are the prime factors of f(l)?
7, 19
Let w(c) be the third derivative of -c**5/60 - c**4/12 + 2*c**3/3 - 19*c**2. Let o be w(0). Suppose 0*a = o*a - 852. List the prime factors of a.
3, 71
What are the prime factors of 104 + 1905 - -1*4?
3, 11, 61
Suppose 138331 = -137*a + 180*a. List the prime factors of a.
3217
Let m(k) = 355*k**2 + 31*k + 84. What are the prime factors of m(-3)?
2, 3, 59
Suppose 4*o - 20613 = 3*j + 6532, 2*o + 3*j - 13559 = 0. List the prime factors of o.
2, 53
Let y = 1194 - 687. Let q = 815 - y. List the prime factors of q.
2, 7, 11
Suppose 5*r - 15 = 0, 2*r - 30 = -2*f - 0. Suppose n - f = -4. Suppose 16 = 4*q - n. List the prime factors of q.
2, 3
Suppose -39*s - 18*s + 2079100 = 43*s. What are the prime factors of s?
17, 1223
Suppose 3*i - 6 = 0, i + 3 = t + 12. Let b be (t + 16)*(-20)/(-6). What are the prime factors of 6/b - (-2367)/15?
2, 79
Let u(f) be the second derivative of -3*f**3/2 - 39*f**2 + 3*f - 16. What are the prime factors of u(-14)?
2, 3
Suppose -2*y = -2*h - 4*y + 1600, -3185 = -4*h + y. What are the prime factors of -3 + (h - -2) - (-8 + 8)?
2, 199
Let a(s) = s**2 + 36*s - 127. Let d be a(-39). Let m(j) = 7*j**2 - 11*j - 83. What are the prime factors of m(d)?
727
Let k(c) = 6*c + 12. Let g be k(-2). Suppose -5*r = 4*l - g*r - 883, -2*r + 1108 = 5*l. List the prime factors of l.
2, 3, 37
Suppose 589*r - 11517357 - 21109709 = 0. List the prime factors of r.
2, 27697
Let r(c) = c**3 - 64*c**2 - 93*c - 214. List the prime factors of r(67).
2, 3511
Suppose -5*b + 65672 = 5*q - 21993, b - 4*q - 17558 = 0. List the prime factors of b.
2, 3, 37, 79
Let c be ((-6)/9)/1 + (-13)/3. Let l be (c/2)/(5/(6 - 1156)). Suppose 169 + l = 3*i. List the prime factors of i.
2, 31
Let k(i) = -i**2 - i + 4. Let s be k(0). Suppose u - 4*u = 3*b - 6, -s*b = -3*u + 34. Let x(n) = n**3 - 3*n**2 - 10*n + 1. What are the prime factors of x(u)?
7
Suppose 2*h = -2451 + 6477. Suppose 20*o - 23633 = -h. What are the prime factors of o?
23, 47
What are the prime factors of (-12)/21 - (-637380)/126?
2, 3, 281
Suppose 35 = -11*h - 20. List the prime factors of ((-638)/8)/(h/(47 + -7)).
2, 11, 29
Let w(p) = -p**2 + p + 23. Let r be w(5). Suppose 4*g = r*s - 0*g - 2132, -3*g - 2133 = -3*s. List the pri